 + y + 3*y**3. Suppose 0 = 2*v - 4*j - 4, 0*v + v + 1 = j. Give n(v).
-3
Let l(y) = 5*y**2 - 3*y. Let k(f) = 4*f**2 - 2*f. Let h(w) = -4*k(w) + 3*l(w). Suppose 0 = -2*v + v - 3. Determine h(v).
-6
Suppose -8*i + 3*i = 20, 17 = 3*k - 5*i. Let l = 4 + k. Let m be (l/((-6)/(-8)))/(-1). Let v(z) = z**2 + 4*z + 4. Give v(m).
4
Let q(p) be the second derivative of 7/2*p**2 - 1/2*p**3 + 0 + 1/12*p**4 + 5*p. Determine q(5).
17
Let d(k) be the third derivative of k**6/120 + 2*k**5/15 + k**4/24 - k**3 + 35*k**2. Give d(-8).
-14
Let v(w) = -3*w + 1. Let k(d) = -4*d + 1. Let p(z) = 2*k(z) - 3*v(z). What is p(0)?
-1
Let g(b) = b - 2. Let o be g(5). Let x(w) = 0*w**2 + 3 + w**3 - w + 3*w + o*w + 4*w**2. Give x(-3).
-3
Suppose 0 = -n + 2*n - 5*a - 5, -4*n = -3*a - 20. Let o(i) = n + 3*i - i - i. Suppose -3*j = 18 - 6. Give o(j).
1
Let f(b) = b**2 + 4*b - 5. Let w(m) = -m**3 - 3*m**2 + 4*m + 4. Let q be w(-4). Let t(h) = -h. Let v be t(q). Determine f(v).
-5
Let r(c) = c**2 - 6*c + 6. Let h(v) = v**3 + 12*v**2 + 12*v + 15. Let z be h(-11). Let b be 0/3*1 + z. Give r(b).
-2
Let l(a) = -7*a**2 + 1. Suppose -8 = v + 3. Let h be (v + 8)*2/6. Give l(h).
-6
Suppose -i - 3*i + 24 = 0. Let z(g) be the first derivative of -8*g - 1 + 7/2*g**2 - 1/3*g**3. Give z(i).
-2
Let o(v) = -v**3 + 4*v**2 + 4*v + 2. Suppose 3*f = -3 - 6. Let y = 0 + f. Let d(n) = n**3 + 4*n**2 + n - 1. Let r be d(y). Calculate o(r).
-3
Suppose 1 - 17 = 2*s. Let a = 15 + s. Let d(h) = -h**2 + 9*h - 8. Calculate d(a).
6
Let q(c) be the second derivative of c**5/5 + c**4/6 - c**3/6 - 11*c. Determine q(1).
5
Let z(u) = u - 1. Let c(k) = -k**2 + 3*k + 10. Let l(j) = c(j) + 4*z(j). Give l(7).
6
Let d(x) be the first derivative of x**7/840 - x**6/180 + x**5/30 - x**4/8 - x**3 + 2. Let g(f) be the third derivative of d(f). What is g(2)?
5
Let f(a) = -3*a + 6. Let y be -4 - (6 + -4)/(-1). Let o(x) = -7*x + 11. Let p(z) = y*o(z) + 5*f(z). Calculate p(4).
4
Let a(p) = 35 - 3*p**2 - 16 - 19. What is a(1)?
-3
Let j(b) = -6*b + 17*b - 3 + 2. Let s(h) = -23*h + 2. Let o(x) = -7*j(x) - 3*s(x). Give o(1).
-7
Let x(k) = 2*k + 1. Suppose 5*a - 4*g = -13, -4*a - 4*g + 6 = 2. Calculate x(a).
-1
Let b(a) be the third derivative of a**6/120 + a**4/12 + 18*a**2. Determine b(-2).
-12
Let n be ((-6)/9)/(4/(-6)). Let l(d) be the first derivative of -n + 3*d + 3/2*d**2. Give l(-4).
-9
Let l(f) be the first derivative of -f - f**2 - 2/3*f**3 + 1/4*f**4 + 1. What is l(2)?
-5
Let i(t) = -t - 1. Let f be i(4). Let x(u) = u**2 + 6*u - 1. Calculate x(f).
-6
Let i(u) = -3*u**2 + 9*u - 6. Let z(j) = -2*j**2 + 9*j - 6. Let l(q) = -3*i(q) + 2*z(q). Let v(s) = -4*s**2 + 8*s - 5. Let t(m) = -6*l(m) - 7*v(m). Give t(-1).
-1
Let m(d) = -d**3 - 5*d**2 + 6*d + 3. Let h(y) = -y**3 - 6*y**2 - 7*y - 6. Let o be h(-5). Let u = -2 - o. What is m(u)?
3
Suppose -w - o + 21 = 3*o, -2*w + 3*o = -31. Let s = w + -10. Let y(h) = h**2 - 8*h + 5. What is y(s)?
-2
Let l(q) = 1. Let i(j) = j + 1. Let t(b) = b + 8. Let v(d) = 2*i(d) - t(d). Let n(z) = -6*l(z) - v(z). Give n(4).
-4
Let k(f) be the first derivative of f - 3*f**2 + 1 - 4 + 6*f**2. Give k(-1).
-5
Suppose 3*v = -v + 8. Suppose 5*i = 1 + 9. Let x(h) = -3*h + 2*h**2 - h**3 + 1 + h**2 - h**i + 2*h. Calculate x(v).
-1
Let a(y) = y**3 - y**2. Let u(t) = 7*t**3 - 8*t**2 - 4*t + 4. Let b(s) = -6*a(s) + u(s). Let q be (30/(-4))/(-3)*2. Suppose 0 = q*f - 13 - 2. Calculate b(f).
1
Let n = -37 + 40. Let k(o) = -o**3 + 3*o**2 + o + 2. Determine k(n).
5
Let r be (-6)/(-6)*(-3)/(-3). Let i(v) be the third derivative of 11*v**6/120 - v**3/6 + v**2. Calculate i(r).
10
Let j(n) = -1 + 1 + 3 + 3*n. Let c(z) = -z**3 + 6*z**2 + 7*z + 10. Let a be c(7). Suppose v + a = -4*v. Give j(v).
-3
Let i(s) = s + 1. Suppose -5*f - 2*v + 100 = -7*v, -v = f - 10. Suppose -4*w = -5*d - 3*w + f, 12 = 4*d - 5*w. Determine i(d).
4
Let a(v) = -v + 1. Let l be (-80)/50*(-5)/2. Suppose -y = 1, 4*b + 3*y = y + 10. Let t be ((-1)/b)/(l/(-48)). Give a(t).
-3
Let l(q) be the second derivative of q**5/4 - q**4/3 - 5*q**3/6 - 2*q**2 + 2*q. Let b(m) = m**3 - m - 1. Let j(p) = -6*b(p) + l(p). Determine j(-3).
-10
Suppose -o - 9 = -4*d + 13, 0 = 3*o + 2*d + 24. Let p be (-4)/o + 13/5. Let u(h) = 2*h - 2*h - p - h. Calculate u(3).
-6
Let x(v) be the second derivative of v**5/20 - 5*v**4/12 + v**3/2 + 3*v. Calculate x(4).
-4
Let z(w) = -w**3 + 5*w**2 - 3*w + 5. Let t = -33 + 38. Determine z(t).
-10
Let q(u) = -7*u**3 - 10*u**2 + 9. Suppose -8*h = -3*h - 5*i + 15, -4*h - 36 = 4*i. Let b(a) = -6*a**3 - 9*a**2 + a + 8. Let d(w) = h*b(w) + 5*q(w). Give d(-5).
2
Let y(a) = -2*a - 6. Let g(n) = -n - 2. Let u be g(-3). Let p(i) = -1. Let z(o) = u*y(o) - 4*p(o). Let c = 42 - 38. What is z(c)?
-10
Let d = 1 - -24. Let n(v) = v**2 - 3*v + 25 - d. Give n(3).
0
Let b(z) = 2*z**2 - 3*z - 3. Let v be 5/4 - 6/24. Suppose 4*s - v + 13 = 0. Let c = 6 + s. Give b(c).
6
Let h = -5 - -4. Let t be 11 - (-3)/(3/h). Suppose 2*q - 2 + 0 = -2*a, -2*a + 2*q - t = 0. Let s(u) = -u**3 - 2*u**2 - 4*u - 3. Calculate s(a).
5
Let w(l) = 7*l**3 + l**2. Let k(a) = -6*a**3 - a**2. Suppose 0 = -t - 2*t + 3, g - 4 = 2*t. Let m(q) = g*k(q) + 5*w(q). What is m(-2)?
4
Suppose 0*i + 19 = 5*i + u, -2*i + 3*u - 6 = 0. Let p be (i + (-28)/16)*-4. Let g(x) = 2*x + 3. What is g(p)?
-7
Let y(r) = r**3 + 3*r**2 + r + 1. Let i(d) = -d**3 - 3*d**2. Let s(k) = -6*i(k) - 5*y(k). Determine s(-4).
-1
Let l = 3 + -5. Let b(v) = -18*v - 6. Let z(d) = 10*d + 3. Let c(j) = -4*b(j) - 7*z(j). Calculate c(l).
-1
Let a(v) be the second derivative of -5*v**3/2 + v**2/2 + v. Let o = -221 - -222. Give a(o).
-14
Let k(q) = -q**3 + 3*q**2 + 4*q - 4. Let a be -1 + 0 - -3 - 4. Let s = a - -5. What is k(s)?
8
Let f(v) = 4*v - v + 8 - v. What is f(-6)?
-4
Let p(u) be the first derivative of -3 - u + 5/2*u**2 - 1/3*u**3. Calculate p(5).
-1
Let o(s) = -2*s**3 - 4*s**2 - s. Let n be ((-1)/(-3))/((-2)/18). What is o(n)?
21
Let z(c) = c**3 + 9*c**2 + c + 11. Let y be z(-9). Suppose 0 = 5*t - 4*p - 38, p + 8 = y*t - 3*p. Suppose 0 = 3*x - t - 2. Let u(i) = i + 2. Calculate u(x).
6
Suppose -5*t = -3*t + 8. Let p(d) be the second derivative of -d**3/6 - 3*d**2 - d. Determine p(t).
-2
Let z be 80/24*(-3)/(-2). Let d(w) = -7 - 1 + 3 - w. What is d(z)?
-10
Let u(m) be the second derivative of -m**6/360 + m**5/24 - m**4/3 + 2*m. Let d(t) be the third derivative of u(t). Let r = -5 + 10. Calculate d(r).
-5
Let w(c) = c**3 + c**2 - 3*c + 3. Suppose -3*t = -5*t + 20. Let d be (-90)/25 + 6/t. Give w(d).
-6
Let s(q) = -q + 7. Let i(z) = z**2 + 6*z - 5. Let x be i(-7). Let h = x - 2. Give s(h).
7
Let x(k) = -k**3 + 5*k**2 - 4*k + 2. Let v(j) = j**2 + 18*j - 36. Let t be v(-20). Calculate x(t).
2
Let z be 2/(-8) - (-21)/4. Let b(x) = -x**3 + 5*x**2 - x - 4. What is b(z)?
-9
Let d(z) be the third derivative of -1/6*z**3 - 1/12*z**4 + 0 - 2*z**2 + 0*z. What is d(-3)?
5
Let o = 10 + -7. Let r(p) = p - 3*p + o*p. Calculate r(4).
4
Let z(r) be the second derivative of r**6/720 - r**5/40 + 7*r**4/12 - 4*r. Let i(q) be the third derivative of z(q). Calculate i(0).
-3
Let g(v) = -v + 4. Let z(s) = 2*s - 5. Let r be z(6). Suppose r*a - 2*a = 0. Calculate g(a).
4
Let b(r) be the first derivative of r**3/3 - 5*r**2/2 + 6*r - 4. What is b(4)?
2
Let p(w) = 5*w**3 + 9*w**2 + 9*w + 21. Let b(k) = -k**3 - 2*k**2 - 2*k - 4. Let l(g) = -11*b(g) - 2*p(g). Give l(-3).
-1
Let x(p) = 280*p**2 - 63. Let k(y) = -9*y**2 + 2. Let n(a) = -63*k(a) - 2*x(a). Determine n(-1).
7
Let o = 1 + 1. Suppose -4*r = -0*w + 3*w - 14, o*r = 5*w - 6. Let s(l) = -1 - 6*l**2 - 2*l + l**w + 4*l**2. Determine s(-1).
0
Let j(s) = s**2 - s**2 + 5*s**2 + s**3. Let l be j(-5). Let c(g) = g - 1. Let o(v) = -v**2 - 6*v - 2. Let m(h) = 6*c(h) + o(h). Give m(l).
-8
Let j(r) = -r + 1. Suppose 3*n = -n - 20. Let h = n - -10. Calculate j(h).
-4
Suppose -5*q + 6 = 4*u, 3 + 1 = q - 2*u. Let c(i) = q*i - 2 - 2*i + 3*i - 2*i. Calculate c(2).
0
Let u be 4 - (0 + 0) - 2. Suppose -2*o = -100 + 6. Let w(h) = 43 - 93 + o + h**2 + 3*h. Calculate w(u).
7
Let u be (-120)/(-9) + 8/12. Let q = u - 17. Let x(j) = -j**3 - 10*j**2 - 2*j + 4. Let c(s) = -s**3 - 9*s**2 - 2*s + 4. Let r(a) = -5*c(a) + 4*x(a). Give r(q).
8
Suppose 5*q = y - 0*q - 32, 4*y + 4*q - 32 = 0. Suppose 4*n - n = y. Let x(g) = -g